{"id":1050,"date":"2021-07-15T21:36:05","date_gmt":"2021-07-15T21:36:05","guid":{"rendered":"https:\/\/initiative-hungerberg.de\/?page_id=1050"},"modified":"2022-06-08T22:35:15","modified_gmt":"2022-06-08T22:35:15","slug":"mediathek","status":"publish","type":"page","link":"https:\/\/initiative-hungerberg.de\/?page_id=1050","title":{"rendered":"Mediathek"},"content":{"rendered":"\n<p>Videos der Initiative zum Vorhaltestandort Hungerberg und zum Fl\u00e4chenschutz<\/p>\n\n\n\n<figure class=\"wp-block-video\"><video controls src=\"https:\/\/rodlzdf-a.akamaihd.net\/none\/zdf\/22\/06\/220603_land_fuer_alle_plb\/1\/220603_land_fuer_alle_plb_2360k_p35v15.mp4\"><\/video><figcaption>Quelle: zdf.de &#8211; Plan B<\/figcaption><\/figure>\n\n\n\n<p><\/p>\n\n\n\n<div class=\"wp-block-columns is-layout-flex wp-container-core-columns-is-layout-9d6595d7 wp-block-columns-is-layout-flex\">\n<div class=\"wp-block-column is-layout-flow wp-block-column-is-layout-flow\">\n<h5 class=\"wp-block-heading\" id=\"um-was-geht-es\" style=\"line-height:1\">Um was geht es?<\/h5>\n\n\n\n<figure class=\"wp-block-embed is-type-video is-provider-youtube wp-block-embed-youtube wp-embed-aspect-16-9 wp-has-aspect-ratio\"><div class=\"wp-block-embed__wrapper\">\n<iframe loading=\"lazy\" title=\"B\u00fcrgerentscheid Hungerberg - Um was es geht\" width=\"840\" height=\"473\" src=\"https:\/\/www.youtube.com\/embed\/1oUWHlG4sAw?feature=oembed\" frameborder=\"0\" allow=\"accelerometer; autoplay; clipboard-write; encrypted-media; gyroscope; picture-in-picture\" allowfullscreen><\/iframe>\n<\/div><\/figure>\n\n\n\n<h5 class=\"wp-block-heading\" id=\"haufige-fragen\" style=\"line-height:1\">H\u00e4ufige Fragen<\/h5>\n\n\n\n<figure class=\"wp-block-embed is-type-video is-provider-youtube wp-block-embed-youtube wp-embed-aspect-16-9 wp-has-aspect-ratio\"><div class=\"wp-block-embed__wrapper\">\n<iframe loading=\"lazy\" title=\"Hungerberg Dettingen - H\u00e4ufige Fragen\" width=\"840\" height=\"473\" src=\"https:\/\/www.youtube.com\/embed\/PQZvTu6tUnM?feature=oembed\" frameborder=\"0\" allow=\"accelerometer; autoplay; clipboard-write; encrypted-media; gyroscope; picture-in-picture\" allowfullscreen><\/iframe>\n<\/div><\/figure>\n\n\n\n<h5 class=\"wp-block-heading\" id=\"die-rolle-der-region-stuttgart\" style=\"line-height:1\">Die Rolle der Region Stuttgart <\/h5>\n\n\n\n<figure class=\"wp-block-embed is-type-video is-provider-youtube wp-block-embed-youtube wp-embed-aspect-16-9 wp-has-aspect-ratio\"><div class=\"wp-block-embed__wrapper\">\n<iframe loading=\"lazy\" title=\"Die Rolle der Region Stuttgart am Hungerberg Dettingen\" width=\"840\" height=\"473\" src=\"https:\/\/www.youtube.com\/embed\/ht8riPeRx-Q?feature=oembed\" frameborder=\"0\" allow=\"accelerometer; autoplay; clipboard-write; encrypted-media; gyroscope; picture-in-picture\" allowfullscreen><\/iframe>\n<\/div><\/figure>\n\n\n\n<h5 class=\"wp-block-heading\" id=\"landwirtschaft-boden-nahrung-nachhaltigkeit\" style=\"line-height:1\">Landwirtschaft &#8211; B\u00f6den &#8211; Nahrung &#8211; Nachhaltigkeit<\/h5>\n\n\n\n<figure class=\"wp-block-embed is-type-video is-provider-youtube wp-block-embed-youtube wp-embed-aspect-16-9 wp-has-aspect-ratio\"><div class=\"wp-block-embed__wrapper\">\n<iframe loading=\"lazy\" title=\"Can regenerative agriculture save our food system?\" width=\"840\" height=\"473\" src=\"https:\/\/www.youtube.com\/embed\/ybQwM-UgQjo?feature=oembed\" frameborder=\"0\" allow=\"accelerometer; autoplay; clipboard-write; encrypted-media; gyroscope; picture-in-picture\" allowfullscreen><\/iframe>\n<\/div><\/figure>\n<\/div>\n\n\n\n<div class=\"wp-block-column is-layout-flow wp-block-column-is-layout-flow\">\n<h5 class=\"wp-block-heading\" id=\"kein-platz-mehr-fur-die-landwirtschaft\" style=\"line-height:1\">Kein Platz mehr f\u00fcr die Landwirtschaft?<\/h5>\n\n\n\n<figure class=\"wp-block-embed is-type-video is-provider-youtube wp-block-embed-youtube wp-embed-aspect-16-9 wp-has-aspect-ratio\"><div class=\"wp-block-embed__wrapper\">\n<iframe loading=\"lazy\" title=\"Hungerberg Dettingen - Kein Platz mehr f\u00fcr die Landwirtschaft\" width=\"840\" height=\"473\" src=\"https:\/\/www.youtube.com\/embed\/GzCgs3-3LGs?feature=oembed\" frameborder=\"0\" allow=\"accelerometer; autoplay; clipboard-write; encrypted-media; gyroscope; picture-in-picture\" allowfullscreen><\/iframe>\n<\/div><\/figure>\n\n\n\n<h5 class=\"wp-block-heading\" id=\"wenn-der-boden-schwindet\" style=\"line-height:1\">Wenn der Boden schwindet<\/h5>\n\n\n\n<figure class=\"wp-block-embed is-type-video is-provider-youtube wp-block-embed-youtube wp-embed-aspect-16-9 wp-has-aspect-ratio\"><div class=\"wp-block-embed__wrapper\">\n<iframe loading=\"lazy\" title=\"Wenn der Boden schwindet\" width=\"840\" height=\"473\" src=\"https:\/\/www.youtube.com\/embed\/S5ZVpQS0D9M?feature=oembed\" frameborder=\"0\" allow=\"accelerometer; autoplay; clipboard-write; encrypted-media; gyroscope; picture-in-picture\" allowfullscreen><\/iframe>\n<\/div><\/figure>\n\n\n\n<h5 class=\"wp-block-heading\" id=\"report-mainz-die-okopunkte-luge\" style=\"line-height:1\">Report Mainz &#8211; Die \u00d6kopunkte-L\u00fcge<\/h5>\n\n\n\n<figure class=\"wp-block-embed is-type-video is-provider-youtube wp-block-embed-youtube wp-embed-aspect-16-9 wp-has-aspect-ratio\"><div class=\"wp-block-embed__wrapper\">\n<iframe loading=\"lazy\" title=\"Die \u00d6kopunkte-L\u00fcge - wie mit der Natur Kasse gemacht wird | REPORT MAINZ\" width=\"840\" height=\"473\" src=\"https:\/\/www.youtube.com\/embed\/7ZipwoFumxs?feature=oembed\" frameborder=\"0\" allow=\"accelerometer; autoplay; clipboard-write; encrypted-media; gyroscope; picture-in-picture\" allowfullscreen><\/iframe>\n<\/div><\/figure>\n\n\n\n<h5 class=\"wp-block-heading\" id=\"plan-b-arte-re-boden-gut-machen\">Plan B\/Arte Re: Boden gut machen<\/h5>\n\n\n\n<figure class=\"wp-block-embed is-type-video is-provider-youtube wp-block-embed-youtube wp-embed-aspect-16-9 wp-has-aspect-ratio\"><div class=\"wp-block-embed__wrapper\">\n<iframe loading=\"lazy\" title=\"Mit lebendiger Erde das Klima retten | ARTE Re:\" width=\"840\" height=\"473\" src=\"https:\/\/www.youtube.com\/embed\/k90MmUiZy2k?feature=oembed\" frameborder=\"0\" allow=\"accelerometer; autoplay; clipboard-write; encrypted-media; gyroscope; picture-in-picture\" allowfullscreen><\/iframe>\n<\/div><\/figure>\n<\/div>\n<\/div>\n\n\n\n<p><a href=\"https:\/\/initiative-hungerberg.de\/?page_id=559\">Weiter zum Downlaodbereich<\/a><\/p>\n\n\n\n<p class=\"has-small-font-size\">Videos der Initiative zum Vorhaltestandort Hungerberg<\/p>\n","protected":false},"excerpt":{"rendered":"<p>Videos der Initiative zum Vorhaltestandort Hungerberg und zum Fl\u00e4chenschutz Um was geht es? H\u00e4ufige Fragen Die Rolle der Region Stuttgart Landwirtschaft &#8211; B\u00f6den &#8211; Nahrung &#8211; Nachhaltigkeit Kein Platz mehr &hellip; <a href=\"https:\/\/initiative-hungerberg.de\/?page_id=1050\" class=\"more-link\"><span class=\"screen-reader-text\">\u201eMediathek\u201c<\/span> weiterlesen<\/a><\/p>\n","protected":false},"author":1,"featured_media":0,"parent":0,"menu_order":0,"comment_status":"closed","ping_status":"closed","template":"","meta":{"_monsterinsights_skip_tracking":false,"_monsterinsights_sitenote_active":false,"_monsterinsights_sitenote_note":"","_monsterinsights_sitenote_category":0,"footnotes":""},"class_list":["post-1050","page","type-page","status-publish","hentry"],"yoast_head":"<!-- This site is optimized with the Yoast SEO plugin v27.5 - https:\/\/yoast.com\/product\/yoast-seo-wordpress\/ -->\n<title>Videos der Initiative zum Vorhaltestandort Hungerberg<\/title>\n<meta name=\"description\" content=\"Videos der Initiative zum Vorhaltestandort Hungerberg. Infos zum Verfahren, zur Bedeutung f\u00fcr die Landwirtschaft und andere h\u00e4ufige Fragen.\" \/>\n<meta name=\"robots\" content=\"index, follow, max-snippet:-1, max-image-preview:large, max-video-preview:-1\" \/>\n<link rel=\"canonical\" href=\"https:\/\/initiative-hungerberg.de\/?page_id=1050\" \/>\n<meta property=\"og:locale\" content=\"de_DE\" \/>\n<meta property=\"og:type\" content=\"article\" \/>\n<meta property=\"og:title\" content=\"Videos der Initiative zum Vorhaltestandort Hungerberg\" \/>\n<meta property=\"og:description\" content=\"Videos der Initiative zum Vorhaltestandort Hungerberg. Infos zum Verfahren, zur Bedeutung f\u00fcr die Landwirtschaft und andere h\u00e4ufige Fragen.\" \/>\n<meta property=\"og:url\" content=\"https:\/\/initiative-hungerberg.de\/?page_id=1050\" \/>\n<meta property=\"og:site_name\" content=\"B\u00fcrgerinitiative Hungerberg\" \/>\n<meta property=\"article:modified_time\" content=\"2022-06-08T22:35:15+00:00\" \/>\n<meta name=\"twitter:card\" content=\"summary_large_image\" \/>\n<meta name=\"twitter:label1\" content=\"Gesch\u00e4tzte Lesezeit\" \/>\n\t<meta name=\"twitter:data1\" content=\"1\u00a0Minute\" \/>\n<script type=\"application\/ld+json\" class=\"yoast-schema-graph\">{\"@context\":\"https:\\\/\\\/schema.org\",\"@graph\":[{\"@type\":\"WebPage\",\"@id\":\"https:\\\/\\\/initiative-hungerberg.de\\\/?page_id=1050\",\"url\":\"https:\\\/\\\/initiative-hungerberg.de\\\/?page_id=1050\",\"name\":\"Videos der Initiative zum Vorhaltestandort Hungerberg\",\"isPartOf\":{\"@id\":\"https:\\\/\\\/initiative-hungerberg.de\\\/#website\"},\"datePublished\":\"2021-07-15T21:36:05+00:00\",\"dateModified\":\"2022-06-08T22:35:15+00:00\",\"description\":\"Videos der Initiative zum Vorhaltestandort Hungerberg. Infos zum Verfahren, zur Bedeutung f\u00fcr die Landwirtschaft und andere h\u00e4ufige Fragen.\",\"breadcrumb\":{\"@id\":\"https:\\\/\\\/initiative-hungerberg.de\\\/?page_id=1050#breadcrumb\"},\"inLanguage\":\"de\",\"potentialAction\":[{\"@type\":\"ReadAction\",\"target\":[\"https:\\\/\\\/initiative-hungerberg.de\\\/?page_id=1050\"]}]},{\"@type\":\"BreadcrumbList\",\"@id\":\"https:\\\/\\\/initiative-hungerberg.de\\\/?page_id=1050#breadcrumb\",\"itemListElement\":[{\"@type\":\"ListItem\",\"position\":1,\"name\":\"Startseite\",\"item\":\"https:\\\/\\\/initiative-hungerberg.de\\\/\"},{\"@type\":\"ListItem\",\"position\":2,\"name\":\"Mediathek\"}]},{\"@type\":\"WebSite\",\"@id\":\"https:\\\/\\\/initiative-hungerberg.de\\\/#website\",\"url\":\"https:\\\/\\\/initiative-hungerberg.de\\\/\",\"name\":\"B\u00fcrgerinitiative Hungerberg\",\"description\":\"Infoseite der B\u00fcrgerinitiative Hungerberg\",\"potentialAction\":[{\"@type\":\"SearchAction\",\"target\":{\"@type\":\"EntryPoint\",\"urlTemplate\":\"https:\\\/\\\/initiative-hungerberg.de\\\/?s={search_term_string}\"},\"query-input\":{\"@type\":\"PropertyValueSpecification\",\"valueRequired\":true,\"valueName\":\"search_term_string\"}}],\"inLanguage\":\"de\"}]}<\/script>\n<!-- \/ Yoast SEO plugin. -->","yoast_head_json":{"title":"Videos der Initiative zum Vorhaltestandort Hungerberg","description":"Videos der Initiative zum Vorhaltestandort Hungerberg. Infos zum Verfahren, zur Bedeutung f\u00fcr die Landwirtschaft und andere h\u00e4ufige Fragen.","robots":{"index":"index","follow":"follow","max-snippet":"max-snippet:-1","max-image-preview":"max-image-preview:large","max-video-preview":"max-video-preview:-1"},"canonical":"https:\/\/initiative-hungerberg.de\/?page_id=1050","og_locale":"de_DE","og_type":"article","og_title":"Videos der Initiative zum Vorhaltestandort Hungerberg","og_description":"Videos der Initiative zum Vorhaltestandort Hungerberg. Infos zum Verfahren, zur Bedeutung f\u00fcr die Landwirtschaft und andere h\u00e4ufige Fragen.","og_url":"https:\/\/initiative-hungerberg.de\/?page_id=1050","og_site_name":"B\u00fcrgerinitiative Hungerberg","article_modified_time":"2022-06-08T22:35:15+00:00","twitter_card":"summary_large_image","twitter_misc":{"Gesch\u00e4tzte Lesezeit":"1\u00a0Minute"},"schema":{"@context":"https:\/\/schema.org","@graph":[{"@type":"WebPage","@id":"https:\/\/initiative-hungerberg.de\/?page_id=1050","url":"https:\/\/initiative-hungerberg.de\/?page_id=1050","name":"Videos der Initiative zum Vorhaltestandort Hungerberg","isPartOf":{"@id":"https:\/\/initiative-hungerberg.de\/#website"},"datePublished":"2021-07-15T21:36:05+00:00","dateModified":"2022-06-08T22:35:15+00:00","description":"Videos der Initiative zum Vorhaltestandort Hungerberg. Infos zum Verfahren, zur Bedeutung f\u00fcr die Landwirtschaft und andere h\u00e4ufige Fragen.","breadcrumb":{"@id":"https:\/\/initiative-hungerberg.de\/?page_id=1050#breadcrumb"},"inLanguage":"de","potentialAction":[{"@type":"ReadAction","target":["https:\/\/initiative-hungerberg.de\/?page_id=1050"]}]},{"@type":"BreadcrumbList","@id":"https:\/\/initiative-hungerberg.de\/?page_id=1050#breadcrumb","itemListElement":[{"@type":"ListItem","position":1,"name":"Startseite","item":"https:\/\/initiative-hungerberg.de\/"},{"@type":"ListItem","position":2,"name":"Mediathek"}]},{"@type":"WebSite","@id":"https:\/\/initiative-hungerberg.de\/#website","url":"https:\/\/initiative-hungerberg.de\/","name":"B\u00fcrgerinitiative Hungerberg","description":"Infoseite der B\u00fcrgerinitiative Hungerberg","potentialAction":[{"@type":"SearchAction","target":{"@type":"EntryPoint","urlTemplate":"https:\/\/initiative-hungerberg.de\/?s={search_term_string}"},"query-input":{"@type":"PropertyValueSpecification","valueRequired":true,"valueName":"search_term_string"}}],"inLanguage":"de"}]}},"jetpack_sharing_enabled":true,"_links":{"self":[{"href":"https:\/\/initiative-hungerberg.de\/index.php?rest_route=\/wp\/v2\/pages\/1050","targetHints":{"allow":["GET"]}}],"collection":[{"href":"https:\/\/initiative-hungerberg.de\/index.php?rest_route=\/wp\/v2\/pages"}],"about":[{"href":"https:\/\/initiative-hungerberg.de\/index.php?rest_route=\/wp\/v2\/types\/page"}],"author":[{"embeddable":true,"href":"https:\/\/initiative-hungerberg.de\/index.php?rest_route=\/wp\/v2\/users\/1"}],"replies":[{"embeddable":true,"href":"https:\/\/initiative-hungerberg.de\/index.php?rest_route=%2Fwp%2Fv2%2Fcomments&post=1050"}],"version-history":[{"count":9,"href":"https:\/\/initiative-hungerberg.de\/index.php?rest_route=\/wp\/v2\/pages\/1050\/revisions"}],"predecessor-version":[{"id":1744,"href":"https:\/\/initiative-hungerberg.de\/index.php?rest_route=\/wp\/v2\/pages\/1050\/revisions\/1744"}],"wp:attachment":[{"href":"https:\/\/initiative-hungerberg.de\/index.php?rest_route=%2Fwp%2Fv2%2Fmedia&parent=1050"}],"curies":[{"name":"wp","href":"https:\/\/api.w.org\/{rel}","templated":true}]}}