{"id":559,"date":"2021-05-02T19:50:16","date_gmt":"2021-05-02T19:50:16","guid":{"rendered":"https:\/\/initiative-hungerberg.de\/?page_id=559"},"modified":"2021-08-27T22:57:44","modified_gmt":"2021-08-27T22:57:44","slug":"downloads-und-material","status":"publish","type":"page","link":"https:\/\/initiative-hungerberg.de\/?page_id=559","title":{"rendered":"Downloads und Material"},"content":{"rendered":"\n<p>Infomaterial und Downloads der Initiative Hungerberg: Hier finden Sie unsere Aufkleber, Banner und Bilder zum Download und unsere T-Shirts zum Bestellen<\/p>\n\n\n\n<h5 class=\"wp-block-heading\">Banner mit Datum<\/h5>\n\n\n\n<div class=\"wp-block-columns is-layout-flex wp-container-core-columns-is-layout-9d6595d7 wp-block-columns-is-layout-flex\">\n<div class=\"wp-block-column is-layout-flow wp-block-column-is-layout-flow\">\n<figure class=\"wp-block-image size-large is-style-default\"><img data-recalc-dims=\"1\" loading=\"lazy\" decoding=\"async\" width=\"840\" height=\"523\" src=\"https:\/\/i0.wp.com\/initiative-hungerberg.de\/wp-content\/uploads\/2021\/07\/JA-Banner-3.jpg?resize=840%2C523&#038;ssl=1\" alt=\"B\u00fcrgerentscheid Hungerberg Dettingen\" class=\"wp-image-1286\" srcset=\"https:\/\/i0.wp.com\/initiative-hungerberg.de\/wp-content\/uploads\/2021\/07\/JA-Banner-3-scaled.jpg?resize=1024%2C637&amp;ssl=1 1024w, https:\/\/i0.wp.com\/initiative-hungerberg.de\/wp-content\/uploads\/2021\/07\/JA-Banner-3-scaled.jpg?resize=300%2C187&amp;ssl=1 300w, https:\/\/i0.wp.com\/initiative-hungerberg.de\/wp-content\/uploads\/2021\/07\/JA-Banner-3-scaled.jpg?resize=768%2C478&amp;ssl=1 768w, https:\/\/i0.wp.com\/initiative-hungerberg.de\/wp-content\/uploads\/2021\/07\/JA-Banner-3-scaled.jpg?resize=1600%2C996&amp;ssl=1 1600w, https:\/\/i0.wp.com\/initiative-hungerberg.de\/wp-content\/uploads\/2021\/07\/JA-Banner-3-scaled.jpg?resize=1536%2C956&amp;ssl=1 1536w, https:\/\/i0.wp.com\/initiative-hungerberg.de\/wp-content\/uploads\/2021\/07\/JA-Banner-3-scaled.jpg?resize=2048%2C1275&amp;ssl=1 2048w, https:\/\/i0.wp.com\/initiative-hungerberg.de\/wp-content\/uploads\/2021\/07\/JA-Banner-3-scaled.jpg?resize=1200%2C747&amp;ssl=1 1200w, https:\/\/i0.wp.com\/initiative-hungerberg.de\/wp-content\/uploads\/2021\/07\/JA-Banner-3-scaled.jpg?w=1680&amp;ssl=1 1680w, https:\/\/i0.wp.com\/initiative-hungerberg.de\/wp-content\/uploads\/2021\/07\/JA-Banner-3-scaled.jpg?w=2520&amp;ssl=1 2520w\" sizes=\"auto, (max-width: 709px) 85vw, (max-width: 909px) 67vw, (max-width: 1362px) 62vw, 840px\" \/><figcaption>B\u00fcrgerentscheid Hungerberg Banner mit Datum<\/figcaption><\/figure>\n<\/div>\n\n\n\n<div class=\"wp-block-column is-layout-flow wp-block-column-is-layout-flow\">\n<p>F\u00fcr&#8217;s Auto, als Status, als Profilbild. Egal wie und egal wo. Es macht auf jeden Fall auf unser Anliegen aufmerksam!<\/p>\n<\/div>\n<\/div>\n\n\n\n<div class=\"wp-block-file\"><a href=\"https:\/\/initiative-hungerberg.de\/wp-content\/uploads\/2021\/07\/JA-Banner-3-scaled.jpg\">Banner <strong>mit<\/strong> Datum B\u00fcrgerentscheid Hungerberg<\/a><a href=\"https:\/\/initiative-hungerberg.de\/wp-content\/uploads\/2021\/07\/JA-Banner-3-scaled.jpg\" class=\"wp-block-file__button\" download>Herunterladen<\/a><\/div>\n\n\n\n<h5 class=\"wp-block-heading\">Banner ohne Datum<\/h5>\n\n\n\n<div class=\"wp-block-columns is-layout-flex wp-container-core-columns-is-layout-9d6595d7 wp-block-columns-is-layout-flex\">\n<div class=\"wp-block-column is-layout-flow wp-block-column-is-layout-flow\">\n<figure class=\"wp-block-image size-large is-style-default\"><img data-recalc-dims=\"1\" loading=\"lazy\" decoding=\"async\" width=\"840\" height=\"523\" src=\"https:\/\/i0.wp.com\/initiative-hungerberg.de\/wp-content\/uploads\/2021\/07\/JA-Shirt-3.jpg?resize=840%2C523&#038;ssl=1\" alt=\"B\u00fcrgerentscheid Hungerberg Dettingen\" class=\"wp-image-1287\" srcset=\"https:\/\/i0.wp.com\/initiative-hungerberg.de\/wp-content\/uploads\/2021\/07\/JA-Shirt-3-scaled.jpg?resize=1024%2C637&amp;ssl=1 1024w, https:\/\/i0.wp.com\/initiative-hungerberg.de\/wp-content\/uploads\/2021\/07\/JA-Shirt-3-scaled.jpg?resize=300%2C187&amp;ssl=1 300w, https:\/\/i0.wp.com\/initiative-hungerberg.de\/wp-content\/uploads\/2021\/07\/JA-Shirt-3-scaled.jpg?resize=768%2C478&amp;ssl=1 768w, https:\/\/i0.wp.com\/initiative-hungerberg.de\/wp-content\/uploads\/2021\/07\/JA-Shirt-3-scaled.jpg?resize=1600%2C996&amp;ssl=1 1600w, https:\/\/i0.wp.com\/initiative-hungerberg.de\/wp-content\/uploads\/2021\/07\/JA-Shirt-3-scaled.jpg?resize=1536%2C956&amp;ssl=1 1536w, https:\/\/i0.wp.com\/initiative-hungerberg.de\/wp-content\/uploads\/2021\/07\/JA-Shirt-3-scaled.jpg?resize=2048%2C1275&amp;ssl=1 2048w, https:\/\/i0.wp.com\/initiative-hungerberg.de\/wp-content\/uploads\/2021\/07\/JA-Shirt-3-scaled.jpg?resize=1200%2C747&amp;ssl=1 1200w, https:\/\/i0.wp.com\/initiative-hungerberg.de\/wp-content\/uploads\/2021\/07\/JA-Shirt-3-scaled.jpg?w=1680&amp;ssl=1 1680w, https:\/\/i0.wp.com\/initiative-hungerberg.de\/wp-content\/uploads\/2021\/07\/JA-Shirt-3-scaled.jpg?w=2520&amp;ssl=1 2520w\" sizes=\"auto, (max-width: 709px) 85vw, (max-width: 909px) 67vw, (max-width: 1362px) 62vw, 840px\" \/><figcaption>B\u00fcrgerentscheid Hungerberg Banner ohne Datum<\/figcaption><\/figure>\n\n\n\n<p><\/p>\n<\/div>\n\n\n\n<div class=\"wp-block-column is-layout-flow wp-block-column-is-layout-flow\">\n<p>F\u00fcr&#8217;s Auto, als Status, als Profilbild. Egal wie und egal wo. Es macht auf jeden Fall auf unser Anliegen aufmerksam!<\/p>\n<\/div>\n<\/div>\n\n\n\n<div class=\"wp-block-file\"><a href=\"https:\/\/initiative-hungerberg.de\/wp-content\/uploads\/2021\/07\/JA-Shirt-3-scaled.jpg\">Banner <strong>ohne<\/strong> Datum B\u00fcrgerentscheid Hungerberg<\/a><a href=\"https:\/\/initiative-hungerberg.de\/wp-content\/uploads\/2021\/07\/JA-Shirt-3-scaled.jpg\" class=\"wp-block-file__button\" download>Herunterladen<\/a><\/div>\n\n\n\n<hr class=\"wp-block-separator\"\/>\n\n\n\n<h5 class=\"wp-block-heading\">+++ NEU+++ Infoplakate Fakten und Fragen<\/h5>\n\n\n\n<p>Hier k\u00f6nnen Sie sich unsere Info-Plakate von der Hungerberg-Begehung herunterladen. <\/p>\n\n\n\n<div class=\"wp-block-file\"><a href=\"https:\/\/initiative-hungerberg.de\/wp-content\/uploads\/2021\/07\/Poster-Sammelmappe.pdf\">Infoplakate: Fakten und Fragen<\/a><a href=\"https:\/\/initiative-hungerberg.de\/wp-content\/uploads\/2021\/07\/Poster-Sammelmappe.pdf\" class=\"wp-block-file__button\" download>Herunterladen<\/a><\/div>\n\n\n\n<hr class=\"wp-block-separator\"\/>\n\n\n\n<p class=\"has-medium-font-size\"><strong>Aufkleber<\/strong><\/p>\n\n\n\n<div class=\"wp-block-columns is-layout-flex wp-container-core-columns-is-layout-9d6595d7 wp-block-columns-is-layout-flex\">\n<div class=\"wp-block-column is-layout-flow wp-block-column-is-layout-flow\">\n<figure class=\"wp-block-image size-large is-style-default\"><img data-recalc-dims=\"1\" loading=\"lazy\" decoding=\"async\" width=\"840\" height=\"588\" src=\"https:\/\/i0.wp.com\/initiative-hungerberg.de\/wp-content\/uploads\/2021\/04\/Baebber03.jpg?resize=840%2C588&#038;ssl=1\" alt=\"Aufkleber\" class=\"wp-image-562\" srcset=\"https:\/\/i0.wp.com\/initiative-hungerberg.de\/wp-content\/uploads\/2021\/04\/Baebber03.jpg?resize=1024%2C717&amp;ssl=1 1024w, https:\/\/i0.wp.com\/initiative-hungerberg.de\/wp-content\/uploads\/2021\/04\/Baebber03.jpg?resize=300%2C210&amp;ssl=1 300w, https:\/\/i0.wp.com\/initiative-hungerberg.de\/wp-content\/uploads\/2021\/04\/Baebber03.jpg?resize=768%2C538&amp;ssl=1 768w, https:\/\/i0.wp.com\/initiative-hungerberg.de\/wp-content\/uploads\/2021\/04\/Baebber03.jpg?w=1181&amp;ssl=1 1181w\" sizes=\"auto, (max-width: 709px) 85vw, (max-width: 909px) 67vw, (max-width: 1362px) 62vw, 840px\" \/><\/figure>\n<\/div>\n\n\n\n<div class=\"wp-block-column is-layout-flow wp-block-column-is-layout-flow\">\n<p>F\u00fcr&#8217;s Auto, als Status, als Profilbild. Egal wie und egal wo. Es macht auf jeden Fall auf unser Anliegen aufmerksam! <\/p>\n\n\n\n<p>Wenn Sie auch einen oder mehrere Aufkleber wollen &#8211; einfach melden unter <a href=\"mailto:info@initiative-hungerberg.de\">info@initiative-hungerberg.de<\/a><\/p>\n<\/div>\n<\/div>\n\n\n\n<div class=\"wp-block-file\"><a href=\"https:\/\/initiative-hungerberg.de\/wp-content\/uploads\/2021\/04\/Baebber03.jpg\">Aufkleber Auto<\/a><a href=\"https:\/\/initiative-hungerberg.de\/wp-content\/uploads\/2021\/04\/Baebber03.jpg\" class=\"wp-block-file__button\" download>Herunterladen<\/a><\/div>\n\n\n\n<hr class=\"wp-block-separator\"\/>\n\n\n\n<p class=\"has-medium-font-size\"><strong>T-Shirts<\/strong><\/p>\n\n\n\n<p>Wenn Sie auf die Initiative durch ein T-Shirt aufmerksam machen wollen, haben wir f\u00fcr Sie auf spreadshirt.de Designs vorbereitet. Gr\u00f6\u00dfe und Farbe k\u00f6nnen Sie im Bestellvorgang nat\u00fcrlich noch \u00e4ndern! Der Einzelpreis betr\u00e4gt ca. 16\u20ac zzgl. Versand. <\/p>\n\n\n\n<p><strong>+++NEU+++<\/strong>  <strong>T-Shirt Unisex<\/strong><\/p>\n\n\n\n<div class=\"wp-block-columns is-layout-flex wp-container-core-columns-is-layout-9d6595d7 wp-block-columns-is-layout-flex\">\n<div class=\"wp-block-column is-layout-flow wp-block-column-is-layout-flow\">\n<figure class=\"wp-block-image size-large\"><img decoding=\"async\" src=\"https:\/\/designer.spreadshirt.de\/api\/drafts\/dNzqREdWngQrGz4wKo1\/preview?width=300&amp;height=300\" alt=\"\"\/><\/figure>\n<\/div>\n\n\n\n<div class=\"wp-block-column is-layout-flow wp-block-column-is-layout-flow\">\n<p>Das passende T-Shirt zu unserem neuen Banner.<\/p>\n\n\n\n<p><a href=\"https:\/\/sprd.co\/4xyilGA\">Zur Bestellung via Spreadshirt.de<\/a><\/p>\n<\/div>\n<\/div>\n\n\n\n<hr class=\"wp-block-separator\"\/>\n\n\n\n<div class=\"wp-block-columns is-layout-flex wp-container-core-columns-is-layout-9d6595d7 wp-block-columns-is-layout-flex\">\n<div class=\"wp-block-column is-layout-flow wp-block-column-is-layout-flow\">\n<p><strong>T-Shirt Frauen<\/strong><\/p>\n\n\n\n<figure class=\"wp-block-image size-large\"><img data-recalc-dims=\"1\" loading=\"lazy\" decoding=\"async\" width=\"790\" height=\"860\" src=\"https:\/\/i0.wp.com\/initiative-hungerberg.de\/wp-content\/uploads\/2021\/05\/T-shirt-W.png?resize=790%2C860&#038;ssl=1\" alt=\"\" class=\"wp-image-621\" srcset=\"https:\/\/i0.wp.com\/initiative-hungerberg.de\/wp-content\/uploads\/2021\/05\/T-shirt-W.png?w=790&amp;ssl=1 790w, https:\/\/i0.wp.com\/initiative-hungerberg.de\/wp-content\/uploads\/2021\/05\/T-shirt-W.png?resize=276%2C300&amp;ssl=1 276w, https:\/\/i0.wp.com\/initiative-hungerberg.de\/wp-content\/uploads\/2021\/05\/T-shirt-W.png?resize=768%2C836&amp;ssl=1 768w\" sizes=\"auto, (max-width: 790px) 85vw, 790px\" \/><\/figure>\n\n\n\n<p><a href=\"https:\/\/sprd.co\/ncm6Tyc\" target=\"_blank\" rel=\"noreferrer noopener\">Zur Bestellung via spreadshirt.de<\/a><\/p>\n<\/div>\n\n\n\n<div class=\"wp-block-column is-layout-flow wp-block-column-is-layout-flow\">\n<p><strong>T-Shirt Unisex<\/strong><\/p>\n\n\n\n<figure class=\"wp-block-image size-large\"><img data-recalc-dims=\"1\" loading=\"lazy\" decoding=\"async\" width=\"810\" height=\"946\" src=\"https:\/\/i0.wp.com\/initiative-hungerberg.de\/wp-content\/uploads\/2021\/05\/T-Shrit-U.png?resize=810%2C946&#038;ssl=1\" alt=\"\" class=\"wp-image-622\" srcset=\"https:\/\/i0.wp.com\/initiative-hungerberg.de\/wp-content\/uploads\/2021\/05\/T-Shrit-U.png?w=810&amp;ssl=1 810w, https:\/\/i0.wp.com\/initiative-hungerberg.de\/wp-content\/uploads\/2021\/05\/T-Shrit-U.png?resize=257%2C300&amp;ssl=1 257w, https:\/\/i0.wp.com\/initiative-hungerberg.de\/wp-content\/uploads\/2021\/05\/T-Shrit-U.png?resize=768%2C897&amp;ssl=1 768w\" sizes=\"auto, (max-width: 810px) 85vw, 810px\" \/><\/figure>\n\n\n\n<p><a href=\"https:\/\/sprd.co\/sdsr3DO\">Zur Bestellung via spreadshirt.de<\/a><\/p>\n<\/div>\n\n\n\n<div class=\"wp-block-column is-layout-flow wp-block-column-is-layout-flow\">\n<p><strong>T-Shirt M\u00e4nner<\/strong><\/p>\n\n\n\n<figure class=\"wp-block-image size-large\"><img data-recalc-dims=\"1\" loading=\"lazy\" decoding=\"async\" width=\"840\" height=\"905\" src=\"https:\/\/i0.wp.com\/initiative-hungerberg.de\/wp-content\/uploads\/2021\/05\/T-Shirt-M.png?resize=840%2C905&#038;ssl=1\" alt=\"\" class=\"wp-image-624\" srcset=\"https:\/\/i0.wp.com\/initiative-hungerberg.de\/wp-content\/uploads\/2021\/05\/T-Shirt-M.png?w=884&amp;ssl=1 884w, https:\/\/i0.wp.com\/initiative-hungerberg.de\/wp-content\/uploads\/2021\/05\/T-Shirt-M.png?resize=279%2C300&amp;ssl=1 279w, https:\/\/i0.wp.com\/initiative-hungerberg.de\/wp-content\/uploads\/2021\/05\/T-Shirt-M.png?resize=768%2C827&amp;ssl=1 768w\" sizes=\"auto, (max-width: 709px) 85vw, (max-width: 909px) 67vw, (max-width: 1362px) 62vw, 840px\" \/><\/figure>\n\n\n\n<p><a href=\"https:\/\/sprd.co\/8TnAXtF\" target=\"_blank\" rel=\"noreferrer noopener\">Zur Bestellung via spreadshirt.de<\/a><\/p>\n<\/div>\n<\/div>\n\n\n\n<p style=\"font-size:9px\">Anmerkung: Bestellung, Kauf und Versand werden \u00fcber spreadshirt.de abgewickelt. Dies ist KEIN gewerbem\u00e4\u00dfiger Verkauf durch Initiative Hungerberg\/\/ Infomaterial und Downloads der Initiative Hungerberg<\/p>\n","protected":false},"excerpt":{"rendered":"<p>Infomaterial und Downloads der Initiative Hungerberg: Hier finden Sie unsere Aufkleber, Banner und Bilder zum Download und unsere T-Shirts zum Bestellen Banner mit Datum F\u00fcr&#8217;s Auto, als Status, als Profilbild. &hellip; <a href=\"https:\/\/initiative-hungerberg.de\/?page_id=559\" class=\"more-link\"><span class=\"screen-reader-text\">\u201eDownloads und Material\u201c<\/span> weiterlesen<\/a><\/p>\n","protected":false},"author":1,"featured_media":0,"parent":0,"menu_order":5,"comment_status":"closed","ping_status":"closed","template":"","meta":{"_monsterinsights_skip_tracking":false,"_monsterinsights_sitenote_active":false,"_monsterinsights_sitenote_note":"","_monsterinsights_sitenote_category":0,"footnotes":""},"class_list":["post-559","page","type-page","status-publish","hentry"],"yoast_head":"<!-- This site is optimized with the Yoast SEO plugin v27.4 - https:\/\/yoast.com\/product\/yoast-seo-wordpress\/ -->\n<title>Infomaterial und Downloads der Initiative Hungerberg -<\/title>\n<meta name=\"description\" content=\"Hier finden Sie viele unserer Aufkleber, Banner-Bilder und auch die Unterschriftenliste zum Download, Ausdrucken, Weiterleiten,\" \/>\n<meta name=\"robots\" content=\"index, follow, max-snippet:-1, max-image-preview:large, max-video-preview:-1\" \/>\n<link rel=\"canonical\" href=\"https:\/\/initiative-hungerberg.de\/?page_id=559\" \/>\n<meta property=\"og:locale\" content=\"de_DE\" \/>\n<meta property=\"og:type\" content=\"article\" \/>\n<meta property=\"og:title\" content=\"Infomaterial und Downloads der Initiative Hungerberg -\" \/>\n<meta property=\"og:description\" content=\"Hier finden Sie viele unserer Aufkleber, Banner-Bilder und auch die Unterschriftenliste zum Download, Ausdrucken, Weiterleiten,\" \/>\n<meta property=\"og:url\" content=\"https:\/\/initiative-hungerberg.de\/?page_id=559\" \/>\n<meta property=\"og:site_name\" content=\"B\u00fcrgerinitiative Hungerberg\" \/>\n<meta property=\"article:modified_time\" content=\"2021-08-27T22:57:44+00:00\" \/>\n<meta property=\"og:image\" content=\"https:\/\/initiative-hungerberg.de\/wp-content\/uploads\/2021\/07\/JA-Banner-3-1024x637.jpg\" \/>\n<meta name=\"twitter:card\" content=\"summary_large_image\" \/>\n<meta name=\"twitter:label1\" content=\"Gesch\u00e4tzte Lesezeit\" \/>\n\t<meta name=\"twitter:data1\" content=\"3\u00a0Minuten\" \/>\n<script type=\"application\/ld+json\" class=\"yoast-schema-graph\">{\"@context\":\"https:\\\/\\\/schema.org\",\"@graph\":[{\"@type\":\"WebPage\",\"@id\":\"https:\\\/\\\/initiative-hungerberg.de\\\/?page_id=559\",\"url\":\"https:\\\/\\\/initiative-hungerberg.de\\\/?page_id=559\",\"name\":\"Infomaterial und Downloads der Initiative Hungerberg -\",\"isPartOf\":{\"@id\":\"https:\\\/\\\/initiative-hungerberg.de\\\/#website\"},\"primaryImageOfPage\":{\"@id\":\"https:\\\/\\\/initiative-hungerberg.de\\\/?page_id=559#primaryimage\"},\"image\":{\"@id\":\"https:\\\/\\\/initiative-hungerberg.de\\\/?page_id=559#primaryimage\"},\"thumbnailUrl\":\"https:\\\/\\\/initiative-hungerberg.de\\\/wp-content\\\/uploads\\\/2021\\\/07\\\/JA-Banner-3-1024x637.jpg\",\"datePublished\":\"2021-05-02T19:50:16+00:00\",\"dateModified\":\"2021-08-27T22:57:44+00:00\",\"description\":\"Hier finden Sie viele unserer Aufkleber, Banner-Bilder und auch die Unterschriftenliste zum Download, Ausdrucken, Weiterleiten,\",\"breadcrumb\":{\"@id\":\"https:\\\/\\\/initiative-hungerberg.de\\\/?page_id=559#breadcrumb\"},\"inLanguage\":\"de\",\"potentialAction\":[{\"@type\":\"ReadAction\",\"target\":[\"https:\\\/\\\/initiative-hungerberg.de\\\/?page_id=559\"]}]},{\"@type\":\"ImageObject\",\"inLanguage\":\"de\",\"@id\":\"https:\\\/\\\/initiative-hungerberg.de\\\/?page_id=559#primaryimage\",\"url\":\"https:\\\/\\\/i0.wp.com\\\/initiative-hungerberg.de\\\/wp-content\\\/uploads\\\/2021\\\/07\\\/JA-Banner-3-scaled.jpg?fit=2560%2C1594&ssl=1\",\"contentUrl\":\"https:\\\/\\\/i0.wp.com\\\/initiative-hungerberg.de\\\/wp-content\\\/uploads\\\/2021\\\/07\\\/JA-Banner-3-scaled.jpg?fit=2560%2C1594&ssl=1\",\"width\":2560,\"height\":1594,\"caption\":\"B\u00fcrgerentscheid Hungerberg Dettingen\"},{\"@type\":\"BreadcrumbList\",\"@id\":\"https:\\\/\\\/initiative-hungerberg.de\\\/?page_id=559#breadcrumb\",\"itemListElement\":[{\"@type\":\"ListItem\",\"position\":1,\"name\":\"Startseite\",\"item\":\"https:\\\/\\\/initiative-hungerberg.de\\\/\"},{\"@type\":\"ListItem\",\"position\":2,\"name\":\"Downloads und Material\"}]},{\"@type\":\"WebSite\",\"@id\":\"https:\\\/\\\/initiative-hungerberg.de\\\/#website\",\"url\":\"https:\\\/\\\/initiative-hungerberg.de\\\/\",\"name\":\"B\u00fcrgerinitiative Hungerberg\",\"description\":\"Infoseite der B\u00fcrgerinitiative Hungerberg\",\"potentialAction\":[{\"@type\":\"SearchAction\",\"target\":{\"@type\":\"EntryPoint\",\"urlTemplate\":\"https:\\\/\\\/initiative-hungerberg.de\\\/?s={search_term_string}\"},\"query-input\":{\"@type\":\"PropertyValueSpecification\",\"valueRequired\":true,\"valueName\":\"search_term_string\"}}],\"inLanguage\":\"de\"}]}<\/script>\n<!-- \/ Yoast SEO plugin. -->","yoast_head_json":{"title":"Infomaterial und Downloads der Initiative Hungerberg -","description":"Hier finden Sie viele unserer Aufkleber, Banner-Bilder und auch die Unterschriftenliste zum Download, Ausdrucken, Weiterleiten,","robots":{"index":"index","follow":"follow","max-snippet":"max-snippet:-1","max-image-preview":"max-image-preview:large","max-video-preview":"max-video-preview:-1"},"canonical":"https:\/\/initiative-hungerberg.de\/?page_id=559","og_locale":"de_DE","og_type":"article","og_title":"Infomaterial und Downloads der Initiative Hungerberg -","og_description":"Hier finden Sie viele unserer Aufkleber, Banner-Bilder und auch die Unterschriftenliste zum Download, Ausdrucken, Weiterleiten,","og_url":"https:\/\/initiative-hungerberg.de\/?page_id=559","og_site_name":"B\u00fcrgerinitiative Hungerberg","article_modified_time":"2021-08-27T22:57:44+00:00","og_image":[{"url":"https:\/\/initiative-hungerberg.de\/wp-content\/uploads\/2021\/07\/JA-Banner-3-1024x637.jpg","type":"","width":"","height":""}],"twitter_card":"summary_large_image","twitter_misc":{"Gesch\u00e4tzte Lesezeit":"3\u00a0Minuten"},"schema":{"@context":"https:\/\/schema.org","@graph":[{"@type":"WebPage","@id":"https:\/\/initiative-hungerberg.de\/?page_id=559","url":"https:\/\/initiative-hungerberg.de\/?page_id=559","name":"Infomaterial und Downloads der Initiative Hungerberg -","isPartOf":{"@id":"https:\/\/initiative-hungerberg.de\/#website"},"primaryImageOfPage":{"@id":"https:\/\/initiative-hungerberg.de\/?page_id=559#primaryimage"},"image":{"@id":"https:\/\/initiative-hungerberg.de\/?page_id=559#primaryimage"},"thumbnailUrl":"https:\/\/initiative-hungerberg.de\/wp-content\/uploads\/2021\/07\/JA-Banner-3-1024x637.jpg","datePublished":"2021-05-02T19:50:16+00:00","dateModified":"2021-08-27T22:57:44+00:00","description":"Hier finden Sie viele unserer Aufkleber, Banner-Bilder und auch die Unterschriftenliste zum Download, Ausdrucken, Weiterleiten,","breadcrumb":{"@id":"https:\/\/initiative-hungerberg.de\/?page_id=559#breadcrumb"},"inLanguage":"de","potentialAction":[{"@type":"ReadAction","target":["https:\/\/initiative-hungerberg.de\/?page_id=559"]}]},{"@type":"ImageObject","inLanguage":"de","@id":"https:\/\/initiative-hungerberg.de\/?page_id=559#primaryimage","url":"https:\/\/i0.wp.com\/initiative-hungerberg.de\/wp-content\/uploads\/2021\/07\/JA-Banner-3-scaled.jpg?fit=2560%2C1594&ssl=1","contentUrl":"https:\/\/i0.wp.com\/initiative-hungerberg.de\/wp-content\/uploads\/2021\/07\/JA-Banner-3-scaled.jpg?fit=2560%2C1594&ssl=1","width":2560,"height":1594,"caption":"B\u00fcrgerentscheid Hungerberg Dettingen"},{"@type":"BreadcrumbList","@id":"https:\/\/initiative-hungerberg.de\/?page_id=559#breadcrumb","itemListElement":[{"@type":"ListItem","position":1,"name":"Startseite","item":"https:\/\/initiative-hungerberg.de\/"},{"@type":"ListItem","position":2,"name":"Downloads und Material"}]},{"@type":"WebSite","@id":"https:\/\/initiative-hungerberg.de\/#website","url":"https:\/\/initiative-hungerberg.de\/","name":"B\u00fcrgerinitiative Hungerberg","description":"Infoseite der B\u00fcrgerinitiative Hungerberg","potentialAction":[{"@type":"SearchAction","target":{"@type":"EntryPoint","urlTemplate":"https:\/\/initiative-hungerberg.de\/?s={search_term_string}"},"query-input":{"@type":"PropertyValueSpecification","valueRequired":true,"valueName":"search_term_string"}}],"inLanguage":"de"}]}},"jetpack_sharing_enabled":true,"_links":{"self":[{"href":"https:\/\/initiative-hungerberg.de\/index.php?rest_route=\/wp\/v2\/pages\/559","targetHints":{"allow":["GET"]}}],"collection":[{"href":"https:\/\/initiative-hungerberg.de\/index.php?rest_route=\/wp\/v2\/pages"}],"about":[{"href":"https:\/\/initiative-hungerberg.de\/index.php?rest_route=\/wp\/v2\/types\/page"}],"author":[{"embeddable":true,"href":"https:\/\/initiative-hungerberg.de\/index.php?rest_route=\/wp\/v2\/users\/1"}],"replies":[{"embeddable":true,"href":"https:\/\/initiative-hungerberg.de\/index.php?rest_route=%2Fwp%2Fv2%2Fcomments&post=559"}],"version-history":[{"count":37,"href":"https:\/\/initiative-hungerberg.de\/index.php?rest_route=\/wp\/v2\/pages\/559\/revisions"}],"predecessor-version":[{"id":1417,"href":"https:\/\/initiative-hungerberg.de\/index.php?rest_route=\/wp\/v2\/pages\/559\/revisions\/1417"}],"wp:attachment":[{"href":"https:\/\/initiative-hungerberg.de\/index.php?rest_route=%2Fwp%2Fv2%2Fmedia&parent=559"}],"curies":[{"name":"wp","href":"https:\/\/api.w.org\/{rel}","templated":true}]}}